{"id":1194,"date":"2025-09-10T07:53:06","date_gmt":"2025-09-10T10:53:06","guid":{"rendered":"https:\/\/blogclinicsaude.farmaponte.com.br\/?page_id=1194"},"modified":"2025-09-10T07:53:12","modified_gmt":"2025-09-10T10:53:12","slug":"sono-infantil-por-que-dormir-bem-e-essencial-para-crescer-com-saude","status":"publish","type":"page","link":"https:\/\/blogclinicsaude.farmaponte.com.br\/?page_id=1194","title":{"rendered":"SONO INFANTIL: POR QUE DORMIR BEM \u00c9 ESSENCIAL PARA CRESCER COM SA\u00daDE"},"content":{"rendered":"\t\t<div data-elementor-type=\"wp-page\" data-elementor-id=\"1194\" class=\"elementor elementor-1194\">\n\t\t\t\t<div class=\"elementor-element elementor-element-aa4c00f e-con-full elementor-hidden-tablet elementor-hidden-mobile e-flex e-con e-parent\" data-id=\"aa4c00f\" data-element_type=\"container\" data-e-type=\"container\">\n\t\t\t\t<div class=\"elementor-element elementor-element-a1ac705 elementor-widget elementor-widget-button\" data-id=\"a1ac705\" data-element_type=\"widget\" data-e-type=\"widget\" data-widget_type=\"button.default\">\n\t\t\t\t<div class=\"elementor-widget-container\">\n\t\t\t\t\t\t\t\t\t<div class=\"elementor-button-wrapper\">\n\t\t\t\t\t<a class=\"elementor-button elementor-button-link elementor-size-sm\" href=\"https:\/\/blogclinicsaude.farmaponte.com.br\/\">\n\t\t\t\t\t\t<span class=\"elementor-button-content-wrapper\">\n\t\t\t\t\t\t<span class=\"elementor-button-icon\">\n\t\t\t\t<svg aria-hidden=\"true\" class=\"e-font-icon-svg e-fas-house-user\" viewBox=\"0 0 576 512\" xmlns=\"http:\/\/www.w3.org\/2000\/svg\"><path d=\"M570.69,236.27,512,184.44V48a16,16,0,0,0-16-16H432a16,16,0,0,0-16,16V99.67L314.78,10.3C308.5,4.61,296.53,0,288,0s-20.46,4.61-26.74,10.3l-256,226A18.27,18.27,0,0,0,0,248.2a18.64,18.64,0,0,0,4.09,10.71L25.5,282.7a21.14,21.14,0,0,0,12,5.3,21.67,21.67,0,0,0,10.69-4.11l15.9-14V480a32,32,0,0,0,32,32H480a32,32,0,0,0,32-32V269.88l15.91,14A21.94,21.94,0,0,0,538.63,288a20.89,20.89,0,0,0,11.87-5.31l21.41-23.81A21.64,21.64,0,0,0,576,248.19,21,21,0,0,0,570.69,236.27ZM288,176a64,64,0,1,1-64,64A64,64,0,0,1,288,176ZM400,448H176a16,16,0,0,1-16-16,96,96,0,0,1,96-96h64a96,96,0,0,1,96,96A16,16,0,0,1,400,448Z\"><\/path><\/svg>\t\t\t<\/span>\n\t\t\t\t\t\t\t\t\t<span class=\"elementor-button-text\">VOLTAR PARA HOME<\/span>\n\t\t\t\t\t<\/span>\n\t\t\t\t\t<\/a>\n\t\t\t\t<\/div>\n\t\t\t\t\t\t\t\t<\/div>\n\t\t\t\t<\/div>\n\t\t\t\t<\/div>\n\t\t\t\t<section class=\"elementor-section elementor-top-section elementor-element elementor-element-ab3da20 elementor-section-height-min-height elementor-section-boxed elementor-section-height-default elementor-section-items-middle\" data-id=\"ab3da20\" data-element_type=\"section\" data-e-type=\"section\">\n\t\t\t\t\t\t<div class=\"elementor-container elementor-column-gap-default\">\n\t\t\t\t\t<div class=\"elementor-column elementor-col-100 elementor-top-column elementor-element elementor-element-ae52452\" data-id=\"ae52452\" data-element_type=\"column\" data-e-type=\"column\">\n\t\t\t<div class=\"elementor-widget-wrap elementor-element-populated\">\n\t\t\t\t\t\t<div class=\"elementor-element elementor-element-5a137163 elementor-widget elementor-widget-heading\" data-id=\"5a137163\" data-element_type=\"widget\" data-e-type=\"widget\" data-widget_type=\"heading.default\">\n\t\t\t\t<div class=\"elementor-widget-container\">\n\t\t\t\t\t<h2 class=\"elementor-heading-title elementor-size-default\">SONO INFANTIL: <\/h2>\t\t\t\t<\/div>\n\t\t\t\t<\/div>\n\t\t\t\t<div class=\"elementor-element elementor-element-90ea6f5 elementor-widget elementor-widget-heading\" data-id=\"90ea6f5\" data-element_type=\"widget\" data-e-type=\"widget\" data-widget_type=\"heading.default\">\n\t\t\t\t<div class=\"elementor-widget-container\">\n\t\t\t\t\t<h2 class=\"elementor-heading-title elementor-size-default\">POR QUE DORMIR BEM \u00c9 ESSENCIAL PARA CRESCER COM SA\u00daDE<\/h2>\t\t\t\t<\/div>\n\t\t\t\t<\/div>\n\t\t\t\t<section class=\"elementor-section elementor-inner-section elementor-element elementor-element-5f714821 elementor-section-boxed elementor-section-height-default elementor-section-height-default\" data-id=\"5f714821\" data-element_type=\"section\" data-e-type=\"section\">\n\t\t\t\t\t\t<div class=\"elementor-container elementor-column-gap-default\">\n\t\t\t\t\t<div class=\"elementor-column elementor-col-50 elementor-inner-column elementor-element elementor-element-4e629c35\" data-id=\"4e629c35\" data-element_type=\"column\" data-e-type=\"column\">\n\t\t\t<div class=\"elementor-widget-wrap elementor-element-populated\">\n\t\t\t\t\t\t<div class=\"elementor-element elementor-element-74c155dc elementor-widget elementor-widget-image\" data-id=\"74c155dc\" data-element_type=\"widget\" data-e-type=\"widget\" data-widget_type=\"image.default\">\n\t\t\t\t<div class=\"elementor-widget-container\">\n\t\t\t\t\t\t\t\t\t\t\t\t\t\t\t<img fetchpriority=\"high\" decoding=\"async\" width=\"576\" height=\"323\" src=\"https:\/\/blogclinicsaude.farmaponte.com.br\/wp-content\/uploads\/2025\/09\/Imagem1.jpg\" class=\"elementor-animation-hang attachment-large size-large wp-image-1201\" alt=\"\" srcset=\"https:\/\/blogclinicsaude.farmaponte.com.br\/wp-content\/uploads\/2025\/09\/Imagem1.jpg.webp 576w, https:\/\/blogclinicsaude.farmaponte.com.br\/wp-content\/uploads\/2025\/09\/Imagem1-300x168.jpg.webp 300w\" sizes=\"(max-width: 576px) 100vw, 576px\" \/>\t\t\t\t\t\t\t\t\t\t\t\t\t\t\t<\/div>\n\t\t\t\t<\/div>\n\t\t\t\t\t<\/div>\n\t\t<\/div>\n\t\t\t\t<div class=\"elementor-column elementor-col-50 elementor-inner-column elementor-element elementor-element-70ee1860\" data-id=\"70ee1860\" data-element_type=\"column\" data-e-type=\"column\" data-settings=\"{&quot;background_background&quot;:&quot;classic&quot;}\">\n\t\t\t<div class=\"elementor-widget-wrap elementor-element-populated\">\n\t\t\t\t\t\t<div class=\"elementor-element elementor-element-f22f42d elementor-widget elementor-widget-text-editor\" data-id=\"f22f42d\" data-element_type=\"widget\" data-e-type=\"widget\" data-widget_type=\"text-editor.default\">\n\t\t\t\t<div class=\"elementor-widget-container\">\n\t\t\t\t\t\t\t\t\t<p>O sono \u00e9 uma necessidade biol\u00f3gica fundamental em todas as fases da vida, mas assume um papel ainda mais relevante durante a inf\u00e2ncia. \u00c9 nesse per\u00edodo que o organismo realiza processos essenciais de crescimento, desenvolvimento neurol\u00f3gico e fortalecimento do sistema imunol\u00f3gico. Muitas vezes subestimado, o sono adequado \u00e9 t\u00e3o importante quanto uma alimenta\u00e7\u00e3o equilibrada e a pr\u00e1tica regular de atividades f\u00edsicas para garantir que a crian\u00e7a cres\u00e7a com sa\u00fade e bem-estar.<br \/><br \/>Neste artigo, vamos explorar os motivos pelos quais dormir bem \u00e9 indispens\u00e1vel para o desenvolvimento infantil, quais s\u00e3o as consequ\u00eancias da falta de sono e como os pais podem ajudar seus filhos a estabelecer uma rotina saud\u00e1vel.<\/p>\t\t\t\t\t\t\t\t<\/div>\n\t\t\t\t<\/div>\n\t\t\t\t\t<\/div>\n\t\t<\/div>\n\t\t\t\t\t<\/div>\n\t\t<\/section>\n\t\t\t\t<section class=\"elementor-section elementor-inner-section elementor-element elementor-element-647dd32 elementor-reverse-mobile elementor-section-boxed elementor-section-height-default elementor-section-height-default\" data-id=\"647dd32\" data-element_type=\"section\" data-e-type=\"section\">\n\t\t\t\t\t\t<div class=\"elementor-container elementor-column-gap-default\">\n\t\t\t\t\t<div class=\"elementor-column elementor-col-50 elementor-inner-column elementor-element elementor-element-45e9461\" data-id=\"45e9461\" data-element_type=\"column\" data-e-type=\"column\" data-settings=\"{&quot;background_background&quot;:&quot;classic&quot;}\">\n\t\t\t<div class=\"elementor-widget-wrap elementor-element-populated\">\n\t\t\t\t\t\t<div class=\"elementor-element elementor-element-034f345 elementor-widget elementor-widget-heading\" data-id=\"034f345\" data-element_type=\"widget\" data-e-type=\"widget\" data-widget_type=\"heading.default\">\n\t\t\t\t<div class=\"elementor-widget-container\">\n\t\t\t\t\t<h3 class=\"elementor-heading-title elementor-size-default\">A IMPORT\u00c2NCIA DO SONO PARA O CRESCIMENTO INFANTIL<\/h3>\t\t\t\t<\/div>\n\t\t\t\t<\/div>\n\t\t\t\t<div class=\"elementor-element elementor-element-7627b13 elementor-widget elementor-widget-text-editor\" data-id=\"7627b13\" data-element_type=\"widget\" data-e-type=\"widget\" data-widget_type=\"text-editor.default\">\n\t\t\t\t<div class=\"elementor-widget-container\">\n\t\t\t\t\t\t\t\t\t<p>Durante o sono profundo, o corpo da crian\u00e7a libera horm\u00f4nios fundamentais para o crescimento, como o horm\u00f4nio do crescimento (GH). Al\u00e9m disso, \u00e9 nesse momento que o c\u00e9rebro organiza e consolida informa\u00e7\u00f5es adquiridas ao longo do dia, fortalecendo a mem\u00f3ria e o aprendizado.<br \/><br \/>Outro ponto relevante \u00e9 o fortalecimento do sistema imunol\u00f3gico. Crian\u00e7as que dormem adequadamente apresentam maior resist\u00eancia a infec\u00e7\u00f5es e doen\u00e7as, j\u00e1 que o sono regula a produ\u00e7\u00e3o de citocinas, subst\u00e2ncias que participam da resposta imune.<\/p>\t\t\t\t\t\t\t\t<\/div>\n\t\t\t\t<\/div>\n\t\t\t\t\t<\/div>\n\t\t<\/div>\n\t\t\t\t<div class=\"elementor-column elementor-col-50 elementor-inner-column elementor-element elementor-element-712c0078\" data-id=\"712c0078\" data-element_type=\"column\" data-e-type=\"column\">\n\t\t\t<div class=\"elementor-widget-wrap elementor-element-populated\">\n\t\t\t\t\t\t<div class=\"elementor-element elementor-element-2f87d7dc elementor-widget elementor-widget-image\" data-id=\"2f87d7dc\" data-element_type=\"widget\" data-e-type=\"widget\" data-widget_type=\"image.default\">\n\t\t\t\t<div class=\"elementor-widget-container\">\n\t\t\t\t\t\t\t\t\t\t\t\t\t\t\t<img decoding=\"async\" width=\"1024\" height=\"576\" src=\"https:\/\/blogclinicsaude.farmaponte.com.br\/wp-content\/uploads\/2025\/09\/2-1024x576.jpg\" class=\"elementor-animation-hang attachment-large size-large wp-image-1196\" alt=\"\" srcset=\"https:\/\/blogclinicsaude.farmaponte.com.br\/wp-content\/uploads\/2025\/09\/2-1024x576.jpg.webp 1024w, https:\/\/blogclinicsaude.farmaponte.com.br\/wp-content\/uploads\/2025\/09\/2-300x169.jpg.webp 300w, https:\/\/blogclinicsaude.farmaponte.com.br\/wp-content\/uploads\/2025\/09\/2-768x432.jpg.webp 768w, https:\/\/blogclinicsaude.farmaponte.com.br\/wp-content\/uploads\/2025\/09\/2-1536x864.jpg.webp 1536w, https:\/\/blogclinicsaude.farmaponte.com.br\/wp-content\/uploads\/2025\/09\/2.jpg.webp 1920w\" sizes=\"(max-width: 1024px) 100vw, 1024px\" \/>\t\t\t\t\t\t\t\t\t\t\t\t\t\t\t<\/div>\n\t\t\t\t<\/div>\n\t\t\t\t\t<\/div>\n\t\t<\/div>\n\t\t\t\t\t<\/div>\n\t\t<\/section>\n\t\t\t\t<section class=\"elementor-section elementor-inner-section elementor-element elementor-element-c2f1650 elementor-section-boxed elementor-section-height-default elementor-section-height-default\" data-id=\"c2f1650\" data-element_type=\"section\" data-e-type=\"section\">\n\t\t\t\t\t\t<div class=\"elementor-container elementor-column-gap-default\">\n\t\t\t\t\t<div class=\"elementor-column elementor-col-50 elementor-inner-column elementor-element elementor-element-787e9c7\" data-id=\"787e9c7\" data-element_type=\"column\" data-e-type=\"column\">\n\t\t\t<div class=\"elementor-widget-wrap elementor-element-populated\">\n\t\t\t\t\t\t<div class=\"elementor-element elementor-element-35f781d elementor-widget elementor-widget-image\" data-id=\"35f781d\" data-element_type=\"widget\" data-e-type=\"widget\" data-widget_type=\"image.default\">\n\t\t\t\t<div class=\"elementor-widget-container\">\n\t\t\t\t\t\t\t\t\t\t\t\t\t\t\t<img decoding=\"async\" width=\"1024\" height=\"576\" src=\"https:\/\/blogclinicsaude.farmaponte.com.br\/wp-content\/uploads\/2025\/09\/3-1024x576.png\" class=\"elementor-animation-hang attachment-large size-large wp-image-1197\" alt=\"\" srcset=\"https:\/\/blogclinicsaude.farmaponte.com.br\/wp-content\/uploads\/2025\/09\/3-1024x576.png 1024w, https:\/\/blogclinicsaude.farmaponte.com.br\/wp-content\/uploads\/2025\/09\/3-300x169.png 300w, https:\/\/blogclinicsaude.farmaponte.com.br\/wp-content\/uploads\/2025\/09\/3-768x432.png 768w, https:\/\/blogclinicsaude.farmaponte.com.br\/wp-content\/uploads\/2025\/09\/3-1536x864.png 1536w, https:\/\/blogclinicsaude.farmaponte.com.br\/wp-content\/uploads\/2025\/09\/3-2048x1152.png 2048w\" sizes=\"(max-width: 1024px) 100vw, 1024px\" \/>\t\t\t\t\t\t\t\t\t\t\t\t\t\t\t<\/div>\n\t\t\t\t<\/div>\n\t\t\t\t\t<\/div>\n\t\t<\/div>\n\t\t\t\t<div class=\"elementor-column elementor-col-50 elementor-inner-column elementor-element elementor-element-f32bd78\" data-id=\"f32bd78\" data-element_type=\"column\" data-e-type=\"column\" data-settings=\"{&quot;background_background&quot;:&quot;classic&quot;}\">\n\t\t\t<div class=\"elementor-widget-wrap elementor-element-populated\">\n\t\t\t\t\t\t<div class=\"elementor-element elementor-element-f82b961 elementor-widget elementor-widget-heading\" data-id=\"f82b961\" data-element_type=\"widget\" data-e-type=\"widget\" data-widget_type=\"heading.default\">\n\t\t\t\t<div class=\"elementor-widget-container\">\n\t\t\t\t\t<h3 class=\"elementor-heading-title elementor-size-default\">QUANTAS HORAS DE SONO UMA CRIAN\u00c7A PRECISA?<\/h3>\t\t\t\t<\/div>\n\t\t\t\t<\/div>\n\t\t\t\t<div class=\"elementor-element elementor-element-a49e111 elementor-widget elementor-widget-text-editor\" data-id=\"a49e111\" data-element_type=\"widget\" data-e-type=\"widget\" data-widget_type=\"text-editor.default\">\n\t\t\t\t<div class=\"elementor-widget-container\">\n\t\t\t\t\t\t\t\t\t<p>A quantidade de sono varia conforme a faixa et\u00e1ria:<br \/><br \/>&#8211; Rec\u00e9m-nascidos (0\u20133 meses): 14 a 17 horas por dia.<br \/>&#8211; Beb\u00eas (4\u201311 meses): 12 a 15 horas.<br \/>&#8211; Crian\u00e7as pequenas (1\u20132 anos): 11 a 14 horas.<br \/>&#8211; Pr\u00e9-escolares (3\u20135 anos): 10 a 13 horas.<br \/>&#8211; Crian\u00e7as em idade escolar (6\u201313 anos): 9 a 11 horas.<br \/>&#8211; Adolescentes (14\u201317 anos): 8 a 10 horas.<br \/><br \/>Essas recomenda\u00e7\u00f5es ajudam os pais a identificar se seus filhos est\u00e3o dormindo o suficiente e ajustar h\u00e1bitos di\u00e1rios para garantir o descanso adequado.<br \/><br \/><\/p>\t\t\t\t\t\t\t\t<\/div>\n\t\t\t\t<\/div>\n\t\t\t\t\t<\/div>\n\t\t<\/div>\n\t\t\t\t\t<\/div>\n\t\t<\/section>\n\t\t\t\t<section class=\"elementor-section elementor-inner-section elementor-element elementor-element-457912c elementor-reverse-mobile elementor-section-boxed elementor-section-height-default elementor-section-height-default\" data-id=\"457912c\" data-element_type=\"section\" data-e-type=\"section\">\n\t\t\t\t\t\t<div class=\"elementor-container elementor-column-gap-default\">\n\t\t\t\t\t<div class=\"elementor-column elementor-col-50 elementor-inner-column elementor-element elementor-element-ade97a4\" data-id=\"ade97a4\" data-element_type=\"column\" data-e-type=\"column\" data-settings=\"{&quot;background_background&quot;:&quot;classic&quot;}\">\n\t\t\t<div class=\"elementor-widget-wrap elementor-element-populated\">\n\t\t\t\t\t\t<div class=\"elementor-element elementor-element-6cbfbf0 elementor-widget elementor-widget-heading\" data-id=\"6cbfbf0\" data-element_type=\"widget\" data-e-type=\"widget\" data-widget_type=\"heading.default\">\n\t\t\t\t<div class=\"elementor-widget-container\">\n\t\t\t\t\t<h3 class=\"elementor-heading-title elementor-size-default\">CONSEQU\u00caNCIAS DA PRIVA\u00c7\u00c3O DO SONO<\/h3>\t\t\t\t<\/div>\n\t\t\t\t<\/div>\n\t\t\t\t<div class=\"elementor-element elementor-element-947916a elementor-widget elementor-widget-text-editor\" data-id=\"947916a\" data-element_type=\"widget\" data-e-type=\"widget\" data-widget_type=\"text-editor.default\">\n\t\t\t\t<div class=\"elementor-widget-container\">\n\t\t\t\t\t\t\t\t\t<p>A falta de sono adequado pode trazer diversos preju\u00edzos \u00e0 sa\u00fade infantil, entre eles:<br \/>&#8211; Dificuldade de aprendizado e concentra\u00e7\u00e3o;<br \/>&#8211; Irritabilidade e altera\u00e7\u00f5es de humor;<br \/>&#8211; Maior risco de obesidade e problemas metab\u00f3licos;<br \/>&#8211; Redu\u00e7\u00e3o da imunidade, aumentando a vulnerabilidade a doen\u00e7as;<br \/>&#8211; Comprometimento do crescimento f\u00edsico.<br \/>Quando a priva\u00e7\u00e3o do sono se torna cr\u00f4nica, pode afetar negativamente o desempenho escolar e o desenvolvimento global da crian\u00e7a.<\/p>\t\t\t\t\t\t\t\t<\/div>\n\t\t\t\t<\/div>\n\t\t\t\t\t<\/div>\n\t\t<\/div>\n\t\t\t\t<div class=\"elementor-column elementor-col-50 elementor-inner-column elementor-element elementor-element-b26a5e9\" data-id=\"b26a5e9\" data-element_type=\"column\" data-e-type=\"column\">\n\t\t\t<div class=\"elementor-widget-wrap elementor-element-populated\">\n\t\t\t\t\t\t<div class=\"elementor-element elementor-element-12b76e6 elementor-widget elementor-widget-image\" data-id=\"12b76e6\" data-element_type=\"widget\" data-e-type=\"widget\" data-widget_type=\"image.default\">\n\t\t\t\t<div class=\"elementor-widget-container\">\n\t\t\t\t\t\t\t\t\t\t\t\t\t\t\t<img loading=\"lazy\" decoding=\"async\" width=\"1024\" height=\"576\" src=\"https:\/\/blogclinicsaude.farmaponte.com.br\/wp-content\/uploads\/2025\/09\/4-1024x576.jpg\" class=\"elementor-animation-hang attachment-large size-large wp-image-1198\" alt=\"\" srcset=\"https:\/\/blogclinicsaude.farmaponte.com.br\/wp-content\/uploads\/2025\/09\/4-1024x576.jpg.webp 1024w, https:\/\/blogclinicsaude.farmaponte.com.br\/wp-content\/uploads\/2025\/09\/4-300x169.jpg.webp 300w, https:\/\/blogclinicsaude.farmaponte.com.br\/wp-content\/uploads\/2025\/09\/4-768x432.jpg.webp 768w, https:\/\/blogclinicsaude.farmaponte.com.br\/wp-content\/uploads\/2025\/09\/4-1536x864.jpg.webp 1536w, https:\/\/blogclinicsaude.farmaponte.com.br\/wp-content\/uploads\/2025\/09\/4.jpg.webp 1920w\" sizes=\"(max-width: 1024px) 100vw, 1024px\" \/>\t\t\t\t\t\t\t\t\t\t\t\t\t\t\t<\/div>\n\t\t\t\t<\/div>\n\t\t\t\t\t<\/div>\n\t\t<\/div>\n\t\t\t\t\t<\/div>\n\t\t<\/section>\n\t\t\t\t<section class=\"elementor-section elementor-inner-section elementor-element elementor-element-01c0007 elementor-section-boxed elementor-section-height-default elementor-section-height-default\" data-id=\"01c0007\" data-element_type=\"section\" data-e-type=\"section\">\n\t\t\t\t\t\t<div class=\"elementor-container elementor-column-gap-default\">\n\t\t\t\t\t<div class=\"elementor-column elementor-col-50 elementor-inner-column elementor-element elementor-element-16519cb\" data-id=\"16519cb\" data-element_type=\"column\" data-e-type=\"column\">\n\t\t\t<div class=\"elementor-widget-wrap elementor-element-populated\">\n\t\t\t\t\t\t<div class=\"elementor-element elementor-element-60b710e elementor-widget elementor-widget-image\" data-id=\"60b710e\" data-element_type=\"widget\" data-e-type=\"widget\" data-widget_type=\"image.default\">\n\t\t\t\t<div class=\"elementor-widget-container\">\n\t\t\t\t\t\t\t\t\t\t\t\t\t\t\t<img loading=\"lazy\" decoding=\"async\" width=\"800\" height=\"450\" src=\"https:\/\/blogclinicsaude.farmaponte.com.br\/wp-content\/uploads\/2025\/09\/5.png\" class=\"elementor-animation-hang attachment-large size-large wp-image-1199\" alt=\"\" srcset=\"https:\/\/blogclinicsaude.farmaponte.com.br\/wp-content\/uploads\/2025\/09\/5.png 800w, https:\/\/blogclinicsaude.farmaponte.com.br\/wp-content\/uploads\/2025\/09\/5-300x169.png 300w, https:\/\/blogclinicsaude.farmaponte.com.br\/wp-content\/uploads\/2025\/09\/5-768x432.png 768w\" sizes=\"(max-width: 800px) 100vw, 800px\" \/>\t\t\t\t\t\t\t\t\t\t\t\t\t\t\t<\/div>\n\t\t\t\t<\/div>\n\t\t\t\t\t<\/div>\n\t\t<\/div>\n\t\t\t\t<div class=\"elementor-column elementor-col-50 elementor-inner-column elementor-element elementor-element-648c282\" data-id=\"648c282\" data-element_type=\"column\" data-e-type=\"column\" data-settings=\"{&quot;background_background&quot;:&quot;classic&quot;}\">\n\t\t\t<div class=\"elementor-widget-wrap elementor-element-populated\">\n\t\t\t\t\t\t<div class=\"elementor-element elementor-element-5b8494b elementor-widget elementor-widget-heading\" data-id=\"5b8494b\" data-element_type=\"widget\" data-e-type=\"widget\" data-widget_type=\"heading.default\">\n\t\t\t\t<div class=\"elementor-widget-container\">\n\t\t\t\t\t<h3 class=\"elementor-heading-title elementor-size-default\">COMO PROMOVER UMA ROTINA DE SONO SAUD\u00c1VEL<\/h3>\t\t\t\t<\/div>\n\t\t\t\t<\/div>\n\t\t\t\t<div class=\"elementor-element elementor-element-663882b elementor-widget elementor-widget-text-editor\" data-id=\"663882b\" data-element_type=\"widget\" data-e-type=\"widget\" data-widget_type=\"text-editor.default\">\n\t\t\t\t<div class=\"elementor-widget-container\">\n\t\t\t\t\t\t\t\t\t<p>Algumas medidas simples podem favorecer o sono infantil:<br \/>1. Estabelecer hor\u00e1rios fixos para dormir e acordar;<br \/>2. Criar um ambiente tranquilo, escuro e silencioso;<br \/>3. Evitar telas (celulares, tablets e TV) pelo menos 1 hora antes de dormir;<br \/>4. Estimular atividades relaxantes, como leitura ou banho morno;<br \/>5. Cuidar da alimenta\u00e7\u00e3o, evitando excesso de a\u00e7\u00facar e estimulantes \u00e0 noite.<br \/>Esses h\u00e1bitos ajudam a crian\u00e7a a associar o momento de dormir com seguran\u00e7a, calma e bem-estar.<\/p>\t\t\t\t\t\t\t\t<\/div>\n\t\t\t\t<\/div>\n\t\t\t\t\t<\/div>\n\t\t<\/div>\n\t\t\t\t\t<\/div>\n\t\t<\/section>\n\t\t\t\t<div class=\"elementor-element elementor-element-37e2fa4 elementor-widget elementor-widget-heading\" data-id=\"37e2fa4\" data-element_type=\"widget\" data-e-type=\"widget\" data-widget_type=\"heading.default\">\n\t\t\t\t<div class=\"elementor-widget-container\">\n\t\t\t\t\t<h3 class=\"elementor-heading-title elementor-size-default\">CONCLUS\u00c3O<\/h3>\t\t\t\t<\/div>\n\t\t\t\t<\/div>\n\t\t\t\t<div class=\"elementor-element elementor-element-03d6e8d elementor-widget elementor-widget-text-editor\" data-id=\"03d6e8d\" data-element_type=\"widget\" data-e-type=\"widget\" data-widget_type=\"text-editor.default\">\n\t\t\t\t<div class=\"elementor-widget-container\">\n\t\t\t\t\t\t\t\t\t<p>O sono infantil \u00e9 um dos pilares mais importantes do crescimento saud\u00e1vel. Ele garante o desenvolvimento f\u00edsico adequado, melhora a capacidade de aprendizado, fortalece o sistema imunol\u00f3gico e previne doen\u00e7as. Cuidar da qualidade do sono das crian\u00e7as \u00e9 uma responsabilidade essencial dos pais e cuidadores, sendo um investimento direto no futuro da sa\u00fade e qualidade de vida.<\/p>\t\t\t\t\t\t\t\t<\/div>\n\t\t\t\t<\/div>\n\t\t\t\t<div class=\"elementor-element elementor-element-6d16994 elementor-widget elementor-widget-text-editor\" data-id=\"6d16994\" data-element_type=\"widget\" data-e-type=\"widget\" data-widget_type=\"text-editor.default\">\n\t\t\t\t<div class=\"elementor-widget-container\">\n\t\t\t\t\t\t\t\t\t<div data-breakout=\"normal\"><p>AUTOR: DANIEL R ALVES JR.FARMAC\u00caUTICO BIOQU\u00cdMICO: CRF SP 39673. ESPECIALISTA DE TREINAMENTO EM VENDAS, ATEN\u00c7\u00c3O FARMAC\u00caUTICA E VACINA\u00c7\u00c3O.<\/p><p id=\"viewer-0mzdd16198\" class=\"ZuC5J faq2B YCZ-u YZYFQ\" dir=\"auto\"><span class=\"deJ7P YCZ-u\">Todas as informa\u00e7\u00f5es redigidas neste artigo, possuem as seguintes refer\u00eancias:<\/span>\u00a0<\/p><p>AMERICAN ACADEMY OF PEDIATRICS. Healthy sleep habits: How many hours does your child need? 2021. Dispon\u00edvel em: &lt;https:\/\/www.healthychildren.org&gt;. Acesso em: 09 set. 2025.<\/p><p>BRASIL. Minist\u00e9rio da Sa\u00fade. Sa\u00fade da crian\u00e7a: Crescimento e desenvolvimento. Bras\u00edlia: Minist\u00e9rio da Sa\u00fade, 2012.<\/p><p>BRASIL. Sociedade Brasileira de Pediatria. Manual de Orienta\u00e7\u00e3o: Sono na Inf\u00e2ncia e Adolesc\u00eancia. Departamento Cient\u00edfico de Pediatria do Desenvolvimento e Comportamento. Rio de Janeiro: SBP, 2016.<\/p><p>CARSKADON, M. A.; DEMENT, W. C. Normal human sleep: An overview. In: KRYGER, M. H.; ROTH, T.; DEMENT, W. C. (Ed.). Principles and Practice of Sleep Medicine. 6. ed. Philadelphia: Elsevier, 2017. p. 15\u201324.<\/p><p>DAHL, R. E. The regulation of sleep and arousal: Development and psychopathology. Development and Psychopathology, v. 8, n. 1, p. 3\u201327, 1996.<\/p><p>GALLAND, B. C. et al. Sleep and pre-school children: a review of evidence. Sleep Medicine Reviews, v. 16, n. 6, p. 535\u2013546, 2012.<\/p><p>HIRSHKOWITZ, M. et al. National Sleep Foundation\u2019s sleep time duration recommendations: methodology and results summary. Sleep Health, v. 1, n. 1, p. 40\u201343, 2015.<\/p><p>MINDELL, J. A.; OWENS, J. A. A clinical guide to pediatric sleep: diagnosis and management of sleep problems. 3. ed. Philadelphia: Wolters Kluwer, 2015.<\/p><p>SPRUYT, K.; GIVENS, H.; GIVENS, J. Sleep in children: Developmental changes, circadian rhythms, and sleep hygiene. Children, v. 8, n. 10, p. 890, 2021.<\/p><p>WORLD HEALTH ORGANIZATION. Guidelines on physical activity, sedentary behaviour and sleep for children under 5 years of age. Geneva: WHO, 2019.<\/p><\/div>\t\t\t\t\t\t\t\t<\/div>\n\t\t\t\t<\/div>\n\t\t\t\t\t<\/div>\n\t\t<\/div>\n\t\t\t\t\t<\/div>\n\t\t<\/section>\n\t\t<div class=\"elementor-element elementor-element-095309e e-flex e-con-boxed e-con e-parent\" data-id=\"095309e\" data-element_type=\"container\" data-e-type=\"container\" data-settings=\"{&quot;background_background&quot;:&quot;classic&quot;}\">\n\t\t\t\t\t<div class=\"e-con-inner\">\n\t\t\t\t<div class=\"elementor-element elementor-element-4aefea3 elementor-widget elementor-widget-heading\" data-id=\"4aefea3\" data-element_type=\"widget\" data-e-type=\"widget\" data-widget_type=\"heading.default\">\n\t\t\t\t<div class=\"elementor-widget-container\">\n\t\t\t\t\t<h2 class=\"elementor-heading-title elementor-size-default\"> 2024 Clinic Saude Farma Ponte \u00ae - Todos os direitos reservados.<\/h2>\t\t\t\t<\/div>\n\t\t\t\t<\/div>\n\t\t\t\t\t<\/div>\n\t\t\t\t<\/div>\n\t\t\t\t<\/div>\n\t\t","protected":false},"excerpt":{"rendered":"<p>VOLTAR PARA HOME SONO INFANTIL: POR QUE DORMIR BEM \u00c9 ESSENCIAL PARA CRESCER COM SA\u00daDE O sono \u00e9 uma necessidade biol\u00f3gica fundamental em todas as fases da vida, mas assume um papel ainda mais relevante durante a inf\u00e2ncia. \u00c9 nesse per\u00edodo que o organismo realiza processos essenciais de crescimento, desenvolvimento neurol\u00f3gico e fortalecimento do sistema [&hellip;]<\/p>\n","protected":false},"author":1,"featured_media":0,"parent":0,"menu_order":0,"comment_status":"closed","ping_status":"closed","template":"elementor_canvas","meta":{"footnotes":""},"class_list":["post-1194","page","type-page","status-publish","hentry"],"_links":{"self":[{"href":"https:\/\/blogclinicsaude.farmaponte.com.br\/index.php?rest_route=\/wp\/v2\/pages\/1194","targetHints":{"allow":["GET"]}}],"collection":[{"href":"https:\/\/blogclinicsaude.farmaponte.com.br\/index.php?rest_route=\/wp\/v2\/pages"}],"about":[{"href":"https:\/\/blogclinicsaude.farmaponte.com.br\/index.php?rest_route=\/wp\/v2\/types\/page"}],"author":[{"embeddable":true,"href":"https:\/\/blogclinicsaude.farmaponte.com.br\/index.php?rest_route=\/wp\/v2\/users\/1"}],"replies":[{"embeddable":true,"href":"https:\/\/blogclinicsaude.farmaponte.com.br\/index.php?rest_route=%2Fwp%2Fv2%2Fcomments&post=1194"}],"version-history":[{"count":4,"href":"https:\/\/blogclinicsaude.farmaponte.com.br\/index.php?rest_route=\/wp\/v2\/pages\/1194\/revisions"}],"predecessor-version":[{"id":1204,"href":"https:\/\/blogclinicsaude.farmaponte.com.br\/index.php?rest_route=\/wp\/v2\/pages\/1194\/revisions\/1204"}],"wp:attachment":[{"href":"https:\/\/blogclinicsaude.farmaponte.com.br\/index.php?rest_route=%2Fwp%2Fv2%2Fmedia&parent=1194"}],"curies":[{"name":"wp","href":"https:\/\/api.w.org\/{rel}","templated":true}]}}